{"id":29847,"date":"2023-03-15T22:05:05","date_gmt":"2023-03-15T22:05:05","guid":{"rendered":"https:\/\/caficon.com\/?page_id=29847"},"modified":"2023-03-15T22:09:02","modified_gmt":"2023-03-15T22:09:02","slug":"calendario-13","status":"publish","type":"page","link":"https:\/\/caficon.com\/index.php\/calendario-13\/","title":{"rendered":"Calendario 13"},"content":{"rendered":"\t\t<div data-elementor-type=\"wp-page\" data-elementor-id=\"29847\" class=\"elementor elementor-29847\" data-elementor-post-type=\"page\">\n\t\t\t\t\t\t<section class=\"elementor-section elementor-top-section elementor-element elementor-element-62b880c elementor-section-boxed elementor-section-height-default elementor-section-height-default\" data-id=\"62b880c\" data-element_type=\"section\">\n\t\t\t\t\t\t<div class=\"elementor-container elementor-column-gap-default\">\n\t\t\t\t\t<div class=\"elementor-column elementor-col-50 elementor-top-column elementor-element elementor-element-e5b4d9d elementor-invisible\" data-id=\"e5b4d9d\" data-element_type=\"column\" data-settings=\"{&quot;animation&quot;:&quot;bounceInLeft&quot;}\">\n\t\t\t<div class=\"elementor-widget-wrap elementor-element-populated\">\n\t\t\t\t\t\t<div class=\"elementor-element elementor-element-b31b846 elementor-widget elementor-widget-image\" data-id=\"b31b846\" data-element_type=\"widget\" data-widget_type=\"image.default\">\n\t\t\t\t<div class=\"elementor-widget-container\">\n\t\t\t\t\t\t\t\t\t\t\t\t\t\t\t<img fetchpriority=\"high\" decoding=\"async\" width=\"800\" height=\"800\" src=\"https:\/\/caficon.com\/wp-content\/uploads\/2023\/03\/CALENDARIO-CAFICON-NUEVO-4-1024x1024.png\" class=\"attachment-large size-large wp-image-29846\" alt=\"\" srcset=\"https:\/\/caficon.com\/wp-content\/uploads\/2023\/03\/CALENDARIO-CAFICON-NUEVO-4-1024x1024.png 1024w, https:\/\/caficon.com\/wp-content\/uploads\/2023\/03\/CALENDARIO-CAFICON-NUEVO-4-300x300.png 300w, https:\/\/caficon.com\/wp-content\/uploads\/2023\/03\/CALENDARIO-CAFICON-NUEVO-4-100x100.png 100w, https:\/\/caficon.com\/wp-content\/uploads\/2023\/03\/CALENDARIO-CAFICON-NUEVO-4-600x600.png 600w, https:\/\/caficon.com\/wp-content\/uploads\/2023\/03\/CALENDARIO-CAFICON-NUEVO-4-150x150.png 150w, https:\/\/caficon.com\/wp-content\/uploads\/2023\/03\/CALENDARIO-CAFICON-NUEVO-4-768x768.png 768w, https:\/\/caficon.com\/wp-content\/uploads\/2023\/03\/CALENDARIO-CAFICON-NUEVO-4.png 1100w\" sizes=\"(max-width: 800px) 100vw, 800px\" \/>\t\t\t\t\t\t\t\t\t\t\t\t\t\t\t<\/div>\n\t\t\t\t<\/div>\n\t\t\t\t\t<\/div>\n\t\t<\/div>\n\t\t\t\t<div class=\"elementor-column elementor-col-50 elementor-top-column elementor-element elementor-element-36326cc elementor-invisible\" data-id=\"36326cc\" data-element_type=\"column\" data-settings=\"{&quot;animation&quot;:&quot;bounceInRight&quot;}\">\n\t\t\t<div class=\"elementor-widget-wrap elementor-element-populated\">\n\t\t\t\t\t\t<div class=\"elementor-element elementor-element-3ef9af7 elementor-widget elementor-widget-heading\" data-id=\"3ef9af7\" data-element_type=\"widget\" data-widget_type=\"heading.default\">\n\t\t\t\t<div class=\"elementor-widget-container\">\n\t\t\t\t\t<h2 class=\"elementor-heading-title elementor-size-default\">DECLARACION ANUAL PERSONAS  MORALES ( PRACTICO) Ponente : Roberto Efrain Cabrera  Monroy <\/h2>\t\t\t\t<\/div>\n\t\t\t\t<\/div>\n\t\t\t\t<div class=\"elementor-element elementor-element-2c241a4 elementor-widget elementor-widget-spacer\" data-id=\"2c241a4\" data-element_type=\"widget\" data-widget_type=\"spacer.default\">\n\t\t\t\t<div class=\"elementor-widget-container\">\n\t\t\t\t\t\t\t<div class=\"elementor-spacer\">\n\t\t\t<div class=\"elementor-spacer-inner\"><\/div>\n\t\t<\/div>\n\t\t\t\t\t\t<\/div>\n\t\t\t\t<\/div>\n\t\t\t\t<div class=\"elementor-element elementor-element-87fd312 elementor-widget elementor-widget-text-editor\" data-id=\"87fd312\" data-element_type=\"widget\" data-widget_type=\"text-editor.default\">\n\t\t\t\t<div class=\"elementor-widget-container\">\n\t\t\t\t\t\t\t\t\t<p><span style=\"color: #000000;\">Ponente:<\/span><\/p><p style=\"text-align: center;\">Roberto Efrain Cabrera Monroy<\/p>\t\t\t\t\t\t\t\t<\/div>\n\t\t\t\t<\/div>\n\t\t\t\t<div class=\"elementor-element elementor-element-47bda3d elementor-widget elementor-widget-text-editor\" data-id=\"47bda3d\" data-element_type=\"widget\" data-widget_type=\"text-editor.default\">\n\t\t\t\t<div class=\"elementor-widget-container\">\n\t\t\t\t\t\t\t\t\t<p><span style=\"color: #000000;\">Fecha:<\/span><\/p><p style=\"text-align: center;\">28\/03\/2023<\/p>\t\t\t\t\t\t\t\t<\/div>\n\t\t\t\t<\/div>\n\t\t\t\t\t<\/div>\n\t\t<\/div>\n\t\t\t\t\t<\/div>\n\t\t<\/section>\n\t\t\t\t<section class=\"elementor-section elementor-top-section elementor-element elementor-element-b984a00 elementor-section-boxed elementor-section-height-default elementor-section-height-default\" data-id=\"b984a00\" data-element_type=\"section\">\n\t\t\t\t\t\t<div class=\"elementor-container elementor-column-gap-default\">\n\t\t\t\t\t<div class=\"elementor-column elementor-col-100 elementor-top-column elementor-element elementor-element-fe83357\" data-id=\"fe83357\" data-element_type=\"column\">\n\t\t\t<div class=\"elementor-widget-wrap elementor-element-populated\">\n\t\t\t\t\t\t<div class=\"elementor-element elementor-element-664eca4 elementor-invisible elementor-widget elementor-widget-heading\" data-id=\"664eca4\" data-element_type=\"widget\" data-settings=\"{&quot;_animation&quot;:&quot;fadeInDown&quot;}\" data-widget_type=\"heading.default\">\n\t\t\t\t<div class=\"elementor-widget-container\">\n\t\t\t\t\t<h2 class=\"elementor-heading-title elementor-size-default\">Temario:<\/h2>\t\t\t\t<\/div>\n\t\t\t\t<\/div>\n\t\t\t\t\t<\/div>\n\t\t<\/div>\n\t\t\t\t\t<\/div>\n\t\t<\/section>\n\t\t\t\t<section class=\"elementor-section elementor-top-section elementor-element elementor-element-b92a1f1 elementor-section-boxed elementor-section-height-default elementor-section-height-default elementor-invisible\" data-id=\"b92a1f1\" data-element_type=\"section\" data-settings=\"{&quot;animation&quot;:&quot;fadeInDown&quot;}\">\n\t\t\t\t\t\t<div class=\"elementor-container elementor-column-gap-default\">\n\t\t\t\t\t<div class=\"elementor-column elementor-col-100 elementor-top-column elementor-element elementor-element-a411969\" data-id=\"a411969\" data-element_type=\"column\">\n\t\t\t<div class=\"elementor-widget-wrap elementor-element-populated\">\n\t\t\t\t\t\t<div class=\"elementor-element elementor-element-4d310aa elementor-widget elementor-widget-text-editor\" data-id=\"4d310aa\" data-element_type=\"widget\" data-widget_type=\"text-editor.default\">\n\t\t\t\t<div class=\"elementor-widget-container\">\n\t\t\t\t\t\t\t\t\t<ul><li>Temario:<br \/>1. Cierre Contable<br \/>2. Ingresos Acumulables<br \/>3. Deducciones autorizadas &#8211; Integraci\u00f3n de gastos<br \/>4. Deducci\u00f3n de Inversiones<br \/>5. Ajuste Anual por inflaci\u00f3n<br \/>6. Costo de lo vendido<br \/>7. Cuentas Fiscales<br \/>8. Pagos Provisionales<br \/>9. P\u00e9rdidas fiscales<br \/>10. PTU<br \/>11. Determinaci\u00f3n de ISR<br \/>12. Balance General<br \/>13. Estado de Resultados Integral &#8211; Resultados<br \/>14. Estado de Flujos de Efectivo<br \/>15. Estado de Cambios en el Capital Contable<br \/>16. Conciliaci\u00f3n\u00a0Fiscal\u00a0contable<\/li><\/ul>\t\t\t\t\t\t\t\t<\/div>\n\t\t\t\t<\/div>\n\t\t\t\t\t<\/div>\n\t\t<\/div>\n\t\t\t\t\t<\/div>\n\t\t<\/section>\n\t\t\t\t<\/div>\n\t\t","protected":false},"excerpt":{"rendered":"<p>DECLARACION ANUAL PERSONAS MORALES ( PRACTICO) Ponente : Roberto Efrain Cabrera Monroy Ponente: Roberto Efrain Cabrera Monroy Fecha: 28\/03\/2023 Temario: Temario:1. Cierre Contable2. Ingresos Acumulables3. Deducciones autorizadas &#8211; Integraci\u00f3n de gastos4. Deducci\u00f3n de Inversiones5. Ajuste Anual por inflaci\u00f3n6. Costo de lo vendido7. Cuentas Fiscales8. Pagos Provisionales9. P\u00e9rdidas fiscales10. PTU11. Determinaci\u00f3n de ISR12. Balance General13. Estado [&hellip;]<\/p>\n","protected":false},"author":1,"featured_media":0,"parent":0,"menu_order":0,"comment_status":"closed","ping_status":"closed","template":"","meta":{"footnotes":""},"class_list":["post-29847","page","type-page","status-publish","hentry"],"_links":{"self":[{"href":"https:\/\/caficon.com\/index.php\/wp-json\/wp\/v2\/pages\/29847","targetHints":{"allow":["GET"]}}],"collection":[{"href":"https:\/\/caficon.com\/index.php\/wp-json\/wp\/v2\/pages"}],"about":[{"href":"https:\/\/caficon.com\/index.php\/wp-json\/wp\/v2\/types\/page"}],"author":[{"embeddable":true,"href":"https:\/\/caficon.com\/index.php\/wp-json\/wp\/v2\/users\/1"}],"replies":[{"embeddable":true,"href":"https:\/\/caficon.com\/index.php\/wp-json\/wp\/v2\/comments?post=29847"}],"version-history":[{"count":4,"href":"https:\/\/caficon.com\/index.php\/wp-json\/wp\/v2\/pages\/29847\/revisions"}],"predecessor-version":[{"id":29852,"href":"https:\/\/caficon.com\/index.php\/wp-json\/wp\/v2\/pages\/29847\/revisions\/29852"}],"wp:attachment":[{"href":"https:\/\/caficon.com\/index.php\/wp-json\/wp\/v2\/media?parent=29847"}],"curies":[{"name":"wp","href":"https:\/\/api.w.org\/{rel}","templated":true}]}}