{"id":28494,"date":"2023-01-24T17:55:52","date_gmt":"2023-01-24T17:55:52","guid":{"rendered":"https:\/\/caficon.com\/?page_id=28494"},"modified":"2023-01-26T17:16:02","modified_gmt":"2023-01-26T17:16:02","slug":"declaracion-anual-resico-p-m-y-p-f-nuevo-formato","status":"publish","type":"page","link":"https:\/\/caficon.com\/index.php\/declaracion-anual-resico-p-m-y-p-f-nuevo-formato\/","title":{"rendered":"Declaracion Anual Resico P.M. y P.F. (Nuevo Formato)"},"content":{"rendered":"\t\t<div data-elementor-type=\"wp-page\" data-elementor-id=\"28494\" class=\"elementor elementor-28494\" data-elementor-post-type=\"page\">\n\t\t\t\t\t\t<section class=\"elementor-section elementor-top-section elementor-element elementor-element-d7fe0c6 elementor-section-boxed elementor-section-height-default elementor-section-height-default\" data-id=\"d7fe0c6\" data-element_type=\"section\">\n\t\t\t\t\t\t<div class=\"elementor-container elementor-column-gap-default\">\n\t\t\t\t\t<div class=\"elementor-column elementor-col-100 elementor-top-column elementor-element elementor-element-7db3baf\" data-id=\"7db3baf\" data-element_type=\"column\">\n\t\t\t<div class=\"elementor-widget-wrap\">\n\t\t\t\t\t\t\t<\/div>\n\t\t<\/div>\n\t\t\t\t\t<\/div>\n\t\t<\/section>\n\t\t\t\t<section class=\"elementor-section elementor-top-section elementor-element elementor-element-bd0cad3 elementor-section-full_width elementor-section-height-default elementor-section-height-default\" data-id=\"bd0cad3\" data-element_type=\"section\">\n\t\t\t\t\t\t<div class=\"elementor-container elementor-column-gap-default\">\n\t\t\t\t\t<div class=\"elementor-column elementor-col-100 elementor-top-column elementor-element elementor-element-40b4834\" data-id=\"40b4834\" data-element_type=\"column\">\n\t\t\t<div class=\"elementor-widget-wrap elementor-element-populated\">\n\t\t\t\t\t\t<div class=\"elementor-element elementor-element-b8a5748 elementor-widget elementor-widget-heading\" data-id=\"b8a5748\" data-element_type=\"widget\" data-widget_type=\"heading.default\">\n\t\t\t\t<div class=\"elementor-widget-container\">\n\t\t\t\t\t<h2 class=\"elementor-heading-title elementor-size-default\">Que encontraras en el Temario<\/h2>\t\t\t\t<\/div>\n\t\t\t\t<\/div>\n\t\t\t\t\t<\/div>\n\t\t<\/div>\n\t\t\t\t\t<\/div>\n\t\t<\/section>\n\t\t\t\t<section class=\"elementor-section elementor-top-section elementor-element elementor-element-1ef2972 elementor-section-full_width elementor-section-height-default elementor-section-height-default\" data-id=\"1ef2972\" data-element_type=\"section\">\n\t\t\t\t\t\t<div class=\"elementor-container elementor-column-gap-default\">\n\t\t\t\t\t<div class=\"elementor-column elementor-col-25 elementor-top-column elementor-element elementor-element-153d247\" data-id=\"153d247\" data-element_type=\"column\">\n\t\t\t<div class=\"elementor-widget-wrap elementor-element-populated\">\n\t\t\t\t\t\t\t<\/div>\n\t\t<\/div>\n\t\t\t\t<div class=\"elementor-column elementor-col-25 elementor-top-column elementor-element elementor-element-de85aa0\" data-id=\"de85aa0\" data-element_type=\"column\">\n\t\t\t<div class=\"elementor-widget-wrap elementor-element-populated\">\n\t\t\t\t\t\t<div class=\"elementor-element elementor-element-c8b08db elementor-widget elementor-widget-text-editor\" data-id=\"c8b08db\" data-element_type=\"widget\" data-widget_type=\"text-editor.default\">\n\t\t\t\t<div class=\"elementor-widget-container\">\n\t\t\t\t\t\t\t\t\t<p><span style=\"color: #ff6600;\"><strong>Dirigido<\/strong><\/span><\/p><p><span style=\"color: #ff6600;\"><strong>Objetivo<\/strong><\/span><\/p><p>\u00a0<\/p>\t\t\t\t\t\t\t\t<\/div>\n\t\t\t\t<\/div>\n\t\t\t\t\t<\/div>\n\t\t<\/div>\n\t\t\t\t<div class=\"elementor-column elementor-col-25 elementor-top-column elementor-element elementor-element-fb0b15d\" data-id=\"fb0b15d\" data-element_type=\"column\">\n\t\t\t<div class=\"elementor-widget-wrap elementor-element-populated\">\n\t\t\t\t\t\t<div class=\"elementor-element elementor-element-0e07a87 elementor-widget elementor-widget-text-editor\" data-id=\"0e07a87\" data-element_type=\"widget\" data-widget_type=\"text-editor.default\">\n\t\t\t\t<div class=\"elementor-widget-container\">\n\t\t\t\t\t\t\t\t\t<h5><span style=\"color: #ff6600;\">Temario:<\/span><\/h5><ul><li><strong>INSCRIPCION DE NUEVOS CONTRIBUYENTES<\/strong><\/li><\/ul><p><strong>a)Qui\u00e9nes pueden ser RESICOS<\/strong><\/p><p><strong>b)Qui\u00e9nes no pueden ser RESICOS<\/strong><\/p><ul><li><strong>CAMBIO A RESICO DE CONTRIBUYENTES YA INSCRITOS<\/strong><\/li><\/ul><ul><li><strong>Que provienen RIF<\/strong><\/li><\/ul><ul><li><strong>De otros reg\u00edmenes<\/strong><\/li><li><strong>Que eran t\u00edtulo II<\/strong><\/li><\/ul><ul><li><strong>SALIDA DE RESICO<\/strong><\/li><\/ul><p><strong>a)Por ingresos mayores a los\u00a0 permitidos<\/strong><\/p><p><strong>b)Por incumplimiento de obligaciones<\/strong><\/p><p><strong>c)Por otras razones<\/strong><\/p><p><strong>d)Cuando salirse<\/strong><\/p><p><strong>e)Efectos al salirse del r\u00e9gimen de RESICO<\/strong><\/p><ul><li><strong>CFDI<\/strong><\/li><\/ul><ul><li><strong>Exenci\u00f3n de expedici\u00f3n de comprobantes<\/strong><\/li><li><strong>Comprobantes simplificados<\/strong><\/li><li><strong>CFDI de Ingresos<\/strong><\/li><li><strong>CFDI global<\/strong><\/li><li><strong>CFDI de egresos<\/strong><\/li><li><strong>Cancelaci\u00f3n de CFDI<\/strong><\/li><li><strong>Versi\u00f3n 4.0<\/strong><\/li><\/ul><ul><li><strong>CONTABILIDAD<\/strong><\/li><\/ul><ul><li><strong>Contabilidad financiera<\/strong><\/li><li><strong>Timbrado<\/strong><\/li><li><strong>Mis cuentas<\/strong><\/li><\/ul><ul><li><strong>ISR<\/strong><\/li><\/ul><ul><li><strong>Ingresos acumulables<\/strong><\/li><li><strong>Deducciones<\/strong><\/li><li><strong>Determinaci\u00f3n de ISR<\/strong><\/li><\/ul><ul><li><strong>DECLARACIONES<\/strong><\/li><\/ul><ul><li><strong>De ISR e IVA<\/strong><\/li><li><strong>DIOT<\/strong><\/li><\/ul><ul><li><strong>REGLAS MISCELANEAS ESPECIFICAS APLICABLES<\/strong><\/li><\/ul><ul><li><strong>Buz\u00f3n tributario<\/strong><\/li><li><strong>Firma y CSD<\/strong><\/li><li><strong>Partes relacionadas<\/strong><\/li><li><strong>Discrepancia fiscal y lavado de dinero<\/strong><\/li><\/ul>\t\t\t\t\t\t\t\t<\/div>\n\t\t\t\t<\/div>\n\t\t\t\t\t<\/div>\n\t\t<\/div>\n\t\t\t\t<div class=\"elementor-column elementor-col-25 elementor-top-column elementor-element elementor-element-27b3eba\" data-id=\"27b3eba\" data-element_type=\"column\">\n\t\t\t<div class=\"elementor-widget-wrap\">\n\t\t\t\t\t\t\t<\/div>\n\t\t<\/div>\n\t\t\t\t\t<\/div>\n\t\t<\/section>\n\t\t\t\t<section class=\"elementor-section elementor-top-section elementor-element elementor-element-9aa3ab5 elementor-section-full_width elementor-section-height-default elementor-section-height-default\" data-id=\"9aa3ab5\" data-element_type=\"section\">\n\t\t\t\t\t\t<div class=\"elementor-container elementor-column-gap-default\">\n\t\t\t\t\t<div class=\"elementor-column elementor-col-100 elementor-top-column elementor-element elementor-element-3f97fb6\" data-id=\"3f97fb6\" data-element_type=\"column\">\n\t\t\t<div class=\"elementor-widget-wrap elementor-element-populated\">\n\t\t\t\t\t\t<div class=\"elementor-element elementor-element-c4a5dac elementor-widget elementor-widget-spacer\" data-id=\"c4a5dac\" data-element_type=\"widget\" data-widget_type=\"spacer.default\">\n\t\t\t\t<div class=\"elementor-widget-container\">\n\t\t\t\t\t\t\t<div class=\"elementor-spacer\">\n\t\t\t<div class=\"elementor-spacer-inner\"><\/div>\n\t\t<\/div>\n\t\t\t\t\t\t<\/div>\n\t\t\t\t<\/div>\n\t\t\t\t<div class=\"elementor-element elementor-element-d743c65 elementor-widget elementor-widget-heading\" data-id=\"d743c65\" data-element_type=\"widget\" data-widget_type=\"heading.default\">\n\t\t\t\t<div class=\"elementor-widget-container\">\n\t\t\t\t\t<h2 class=\"elementor-heading-title elementor-size-default\">\u00bfQuien Impartir\u00e1 este Curso?<\/h2>\t\t\t\t<\/div>\n\t\t\t\t<\/div>\n\t\t\t\t\t<\/div>\n\t\t<\/div>\n\t\t\t\t\t<\/div>\n\t\t<\/section>\n\t\t\t\t<section class=\"elementor-section elementor-top-section elementor-element elementor-element-bcd7f61 elementor-section-full_width elementor-section-height-default elementor-section-height-default\" data-id=\"bcd7f61\" data-element_type=\"section\">\n\t\t\t\t\t\t<div class=\"elementor-container elementor-column-gap-default\">\n\t\t\t\t\t<div class=\"elementor-column elementor-col-50 elementor-top-column elementor-element elementor-element-2a3b5fe\" data-id=\"2a3b5fe\" data-element_type=\"column\">\n\t\t\t<div class=\"elementor-widget-wrap elementor-element-populated\">\n\t\t\t\t\t\t<div class=\"elementor-element elementor-element-c878c4b elementor-widget elementor-widget-image\" data-id=\"c878c4b\" data-element_type=\"widget\" data-widget_type=\"image.default\">\n\t\t\t\t<div class=\"elementor-widget-container\">\n\t\t\t\t\t\t\t\t\t\t\t\t\t\t\t<img decoding=\"async\" src=\"https:\/\/caficon.com\/wp-content\/uploads\/elementor\/thumbs\/luis-antonio-q030ufuhsaxxc9z608q8x3ip4h8ntxjhtzwm3khv2g.jpg\" title=\"luis antonio\" alt=\"luis antonio\" loading=\"lazy\" \/>\t\t\t\t\t\t\t\t\t\t\t\t\t\t\t<\/div>\n\t\t\t\t<\/div>\n\t\t\t\t<div class=\"elementor-element elementor-element-5a37bb7 elementor-widget elementor-widget-html\" data-id=\"5a37bb7\" data-element_type=\"widget\" data-widget_type=\"html.default\">\n\t\t\t\t<div class=\"elementor-widget-container\">\n\t\t\t\t\t<h4 style=\"text-align: center;\"><span style=\"color: #ff6600;\">C.P.C. Luis Antonio Escalante Pelcastre<\/span><\/h4>\t\t\t\t<\/div>\n\t\t\t\t<\/div>\n\t\t\t\t\t<\/div>\n\t\t<\/div>\n\t\t\t\t<div class=\"elementor-column elementor-col-50 elementor-top-column elementor-element elementor-element-431e89a\" data-id=\"431e89a\" data-element_type=\"column\">\n\t\t\t<div class=\"elementor-widget-wrap elementor-element-populated\">\n\t\t\t\t\t\t<div class=\"elementor-element elementor-element-5a32148 elementor-widget elementor-widget-spacer\" data-id=\"5a32148\" data-element_type=\"widget\" data-widget_type=\"spacer.default\">\n\t\t\t\t<div class=\"elementor-widget-container\">\n\t\t\t\t\t\t\t<div class=\"elementor-spacer\">\n\t\t\t<div class=\"elementor-spacer-inner\"><\/div>\n\t\t<\/div>\n\t\t\t\t\t\t<\/div>\n\t\t\t\t<\/div>\n\t\t\t\t<div class=\"elementor-element elementor-element-ce60efa elementor-widget elementor-widget-heading\" data-id=\"ce60efa\" data-element_type=\"widget\" data-widget_type=\"heading.default\">\n\t\t\t\t<div class=\"elementor-widget-container\">\n\t\t\t\t\t<h2 class=\"elementor-heading-title elementor-size-default\">CV:<\/h2>\t\t\t\t<\/div>\n\t\t\t\t<\/div>\n\t\t\t\t<div class=\"elementor-element elementor-element-d73b348 elementor-hidden-desktop elementor-hidden-tablet elementor-hidden-mobile elementor-widget elementor-widget-text-editor\" data-id=\"d73b348\" data-element_type=\"widget\" data-widget_type=\"text-editor.default\">\n\t\t\t\t<div class=\"elementor-widget-container\">\n\t\t\t\t\t\t\t\t\t<p><strong>\u00a0 <\/strong><strong>Coordinadora de RRHH con m\u00e1s de 10 a\u00f1os de experiencia principalmente en capacitaci\u00f3n y desarrollo organizacional. Mis principales objetivos radican en fomentar la capacidad de integraci\u00f3n y colaboraci\u00f3n entre los miembros de la organizaci\u00f3n, identificar y atender oportunamente las necesidades tanto de los colaboradores como de la instituci\u00f3n, adem\u00e1s de, evaluar el desempe\u00f1o y contribuir con su desarrollo en pro de la mejora continua.<\/strong><\/p><main class=\"site-main post-26992 page type-page status-publish hentry\" role=\"main\"><div class=\"page-content\"><div class=\"elementor elementor-26992\" data-elementor-type=\"wp-page\" data-elementor-id=\"26992\" data-elementor-settings=\"[]\"><div class=\"elementor-section-wrap\"><section class=\"elementor-section elementor-top-section elementor-element elementor-element-5d847be elementor-section-boxed elementor-section-height-default elementor-section-height-default\" data-id=\"5d847be\" data-element_type=\"section\"><div class=\"elementor-container elementor-column-gap-default\"><div class=\"elementor-column elementor-col-50 elementor-top-column elementor-element elementor-element-8fe9dc7\" data-id=\"8fe9dc7\" data-element_type=\"column\"><div class=\"elementor-widget-wrap elementor-element-populated\"><div class=\"elementor-element elementor-element-964ddf6 elementor-widget elementor-widget-text-editor\" data-id=\"964ddf6\" data-element_type=\"widget\" data-widget_type=\"text-editor.default\"><div class=\"elementor-widget-container\"><p><strong>EXPERIENCIA <\/strong><\/p><p><strong>INSTITUTO MEXICANO DE CONTADORES P\u00daBLICOS, A.C<\/strong><\/p><p><strong>\u00a0Coordinadora de Talento Humano (julio 2013-actual) <\/strong><\/p><p><strong>RECLUTAMIENTO Y SELECCI\u00d3N <\/strong><\/p><p><strong>Dise\u00f1o de las estrategias de reclutamiento y selecci\u00f3n a partir del perfil de puestos y objetivos institucionales. Entrevista por competencias y assessment center <\/strong><\/p><p><strong>DESARROLLO ORGANIZACIONAL <\/strong><\/p><p><strong>Elaboraci\u00f3n de perfil de puestos por competencias, valuaci\u00f3n del rendimiento laboral (diagn\u00f3stico, retroalimentaci\u00f3n, evaluaci\u00f3n, intervenci\u00f3n y seguimiento). Analizar, evaluar y establecer las pol\u00edticas, procesos y procedimientos propios del \u00e1rea de RRHH y coadyuvar en la implementaci\u00f3n de procesos y procedimientos de otras \u00e1reas, as\u00ed como, las funciones y objetivos de todos los puestos que integran la estructura administrativa de la instituci\u00f3n. Modelo de competencias alineado a la filosof\u00eda organizacional. <\/strong><\/p><p><strong>EVALUACI\u00d3N DE DESEMPE\u00d1O <\/strong><\/p><p><strong>An\u00e1lisis y evaluaci\u00f3n de desempe\u00f1o de acuerdo con lo establecido en el manual organizacional y plan estrat\u00e9gico. <\/strong><\/p><p><strong>GESTI\u00d3N DEL TALENTO <\/strong><\/p><p><strong>\u00a0<\/strong><\/p><p><strong>Retenci\u00f3n y desarrollo del \u00abtop talent\u00bb (plan de carrera) Convenios con Instituciones educativas para posicionar a la instituci\u00f3n como referente de desarrollo profesional en t\u00e9rminos de pr\u00e1cticas profesionales, servicio social y\/o estad\u00edas universitarias <\/strong><\/p><\/div><\/div><\/div><\/div><\/div><\/section><\/div><\/div><\/div><\/main>\t\t\t\t\t\t\t\t<\/div>\n\t\t\t\t<\/div>\n\t\t\t\t<div class=\"elementor-element elementor-element-5be7a68 elementor-widget elementor-widget-spacer\" data-id=\"5be7a68\" data-element_type=\"widget\" data-widget_type=\"spacer.default\">\n\t\t\t\t<div class=\"elementor-widget-container\">\n\t\t\t\t\t\t\t<div class=\"elementor-spacer\">\n\t\t\t<div class=\"elementor-spacer-inner\"><\/div>\n\t\t<\/div>\n\t\t\t\t\t\t<\/div>\n\t\t\t\t<\/div>\n\t\t\t\t\t<\/div>\n\t\t<\/div>\n\t\t\t\t\t<\/div>\n\t\t<\/section>\n\t\t\t\t<\/div>\n\t\t","protected":false},"excerpt":{"rendered":"<p>Que encontraras en el Temario Dirigido Objetivo \u00a0 Temario: INSCRIPCION DE NUEVOS CONTRIBUYENTES a)Qui\u00e9nes pueden ser RESICOS b)Qui\u00e9nes no pueden ser RESICOS CAMBIO A RESICO DE CONTRIBUYENTES YA INSCRITOS Que provienen RIF De otros reg\u00edmenes Que eran t\u00edtulo II SALIDA DE RESICO a)Por ingresos mayores a los\u00a0 permitidos b)Por incumplimiento de obligaciones c)Por otras razones [&hellip;]<\/p>\n","protected":false},"author":2721,"featured_media":0,"parent":0,"menu_order":0,"comment_status":"closed","ping_status":"closed","template":"","meta":{"footnotes":""},"class_list":["post-28494","page","type-page","status-publish","hentry"],"_links":{"self":[{"href":"https:\/\/caficon.com\/index.php\/wp-json\/wp\/v2\/pages\/28494","targetHints":{"allow":["GET"]}}],"collection":[{"href":"https:\/\/caficon.com\/index.php\/wp-json\/wp\/v2\/pages"}],"about":[{"href":"https:\/\/caficon.com\/index.php\/wp-json\/wp\/v2\/types\/page"}],"author":[{"embeddable":true,"href":"https:\/\/caficon.com\/index.php\/wp-json\/wp\/v2\/users\/2721"}],"replies":[{"embeddable":true,"href":"https:\/\/caficon.com\/index.php\/wp-json\/wp\/v2\/comments?post=28494"}],"version-history":[{"count":7,"href":"https:\/\/caficon.com\/index.php\/wp-json\/wp\/v2\/pages\/28494\/revisions"}],"predecessor-version":[{"id":28617,"href":"https:\/\/caficon.com\/index.php\/wp-json\/wp\/v2\/pages\/28494\/revisions\/28617"}],"wp:attachment":[{"href":"https:\/\/caficon.com\/index.php\/wp-json\/wp\/v2\/media?parent=28494"}],"curies":[{"name":"wp","href":"https:\/\/api.w.org\/{rel}","templated":true}]}}