{"id":25762,"date":"2022-08-17T23:30:24","date_gmt":"2022-08-17T23:30:24","guid":{"rendered":"https:\/\/caficon.com\/?page_id=25762"},"modified":"2022-09-19T15:54:52","modified_gmt":"2022-09-19T15:54:52","slug":"curso-de-excel-intermedio","status":"publish","type":"page","link":"https:\/\/caficon.com\/index.php\/curso-de-excel-intermedio\/","title":{"rendered":"Curso de Excel Intermedio"},"content":{"rendered":"\t\t<div data-elementor-type=\"wp-page\" data-elementor-id=\"25762\" class=\"elementor elementor-25762\" data-elementor-post-type=\"page\">\n\t\t\t\t\t\t<section class=\"elementor-section elementor-top-section elementor-element elementor-element-83e4f0a elementor-section-full_width elementor-section-height-default elementor-section-height-default\" data-id=\"83e4f0a\" data-element_type=\"section\">\n\t\t\t\t\t\t<div class=\"elementor-container elementor-column-gap-default\">\n\t\t\t\t\t<div class=\"elementor-column elementor-col-100 elementor-top-column elementor-element elementor-element-ae1ae8f\" data-id=\"ae1ae8f\" data-element_type=\"column\">\n\t\t\t<div class=\"elementor-widget-wrap elementor-element-populated\">\n\t\t\t\t\t\t<div class=\"elementor-element elementor-element-6cb44e8 elementor-widget elementor-widget-heading\" data-id=\"6cb44e8\" data-element_type=\"widget\" data-widget_type=\"heading.default\">\n\t\t\t\t<div class=\"elementor-widget-container\">\n\t\t\t\t\t<h2 class=\"elementor-heading-title elementor-size-default\">Que encontraras en el Temario<\/h2>\t\t\t\t<\/div>\n\t\t\t\t<\/div>\n\t\t\t\t\t<\/div>\n\t\t<\/div>\n\t\t\t\t\t<\/div>\n\t\t<\/section>\n\t\t\t\t<section class=\"elementor-section elementor-top-section elementor-element elementor-element-1e03756 elementor-section-full_width elementor-section-height-default elementor-section-height-default\" data-id=\"1e03756\" data-element_type=\"section\">\n\t\t\t\t\t\t<div class=\"elementor-container elementor-column-gap-default\">\n\t\t\t\t\t<div class=\"elementor-column elementor-col-25 elementor-top-column elementor-element elementor-element-5a8be50\" data-id=\"5a8be50\" data-element_type=\"column\">\n\t\t\t<div class=\"elementor-widget-wrap elementor-element-populated\">\n\t\t\t\t\t\t\t<\/div>\n\t\t<\/div>\n\t\t\t\t<div class=\"elementor-column elementor-col-25 elementor-top-column elementor-element elementor-element-f1045e0\" data-id=\"f1045e0\" data-element_type=\"column\">\n\t\t\t<div class=\"elementor-widget-wrap elementor-element-populated\">\n\t\t\t\t\t\t<div class=\"elementor-element elementor-element-4e796a2 elementor-widget elementor-widget-text-editor\" data-id=\"4e796a2\" data-element_type=\"widget\" data-widget_type=\"text-editor.default\">\n\t\t\t\t<div class=\"elementor-widget-container\">\n\t\t\t\t\t\t\t\t\t<p><span style=\"color: #ff6600;\"><strong>Objetivo<\/strong><\/span><\/p><p>El asistente conocer\u00e1 y emplear\u00e1 las herramientas generales que la aplicaci\u00f3n MS Excel ofrece para ser utilizada en la pr\u00e1ctica contable y administrativa.<\/p>\t\t\t\t\t\t\t\t<\/div>\n\t\t\t\t<\/div>\n\t\t\t\t\t<\/div>\n\t\t<\/div>\n\t\t\t\t<div class=\"elementor-column elementor-col-25 elementor-top-column elementor-element elementor-element-3d1f7d0\" data-id=\"3d1f7d0\" data-element_type=\"column\">\n\t\t\t<div class=\"elementor-widget-wrap elementor-element-populated\">\n\t\t\t\t\t\t<div class=\"elementor-element elementor-element-c28fb96 elementor-widget elementor-widget-text-editor\" data-id=\"c28fb96\" data-element_type=\"widget\" data-widget_type=\"text-editor.default\">\n\t\t\t\t<div class=\"elementor-widget-container\">\n\t\t\t\t\t\t\t\t\t<h5><span style=\"color: #ff6600;\">Temario:<\/span><\/h5><ol><li><strong>Informaci\u00f3n mediante b\u00fasquedas y referencias:<\/strong><ol><li>B\u00fasqueda de datos.<\/li><li>Ejemplos de operaciones con b\u00fasquedas y referencias:<ol><li>Determinaci\u00f3n del ISR para asimilados.<\/li><li>Reportes a partir de una tabla comparativa.<\/li><\/ol><\/li><li><strong>Funciones financieras:<\/strong><ol><li>Inter\u00e9s simple e inter\u00e9s compuesto.<\/li><li>Depreciaci\u00f3n y amortizaci\u00f3n.<\/li><li>Tasa Interna de Retorno.<\/li><\/ol><\/li><\/ol><\/li><\/ol><ul><li><strong>Manejo de informaci\u00f3n en tablas:<\/strong><ol><li>Ordenado y filtrado de datos.<\/li><li>\u00a0<\/li><li>An\u00e1lisis de datos.<\/li><\/ol><\/li><\/ul><ol><li><strong>Manejo de tablas din\u00e1micas:<\/strong><ol><li>Caracter\u00edsticas y requisitos de una tabla din\u00e1mica.<\/li><li>Creaci\u00f3n y actualizaci\u00f3n de la tabla.<\/li><li>An\u00e1lisis de informaci\u00f3n de una tabla din\u00e1mica.<\/li><li>\u00a0<\/li><\/ol><\/li><li><strong>Gr\u00e1ficos y Dashboard en Excel:<\/strong><ol><li>Tipos de gr\u00e1ficas que se pueden utilizar.<\/li><li>Gr\u00e1ficas de barras.<\/li><li>Gr\u00e1fica de l\u00edneas.<\/li><li>Gr\u00e1fica circular.<\/li><li>Integraci\u00f3n de gr\u00e1ficos en un Dashboard.<\/li><\/ol><\/li><\/ol>\t\t\t\t\t\t\t\t<\/div>\n\t\t\t\t<\/div>\n\t\t\t\t\t<\/div>\n\t\t<\/div>\n\t\t\t\t<div class=\"elementor-column elementor-col-25 elementor-top-column elementor-element elementor-element-e6e0aa3\" data-id=\"e6e0aa3\" data-element_type=\"column\">\n\t\t\t<div class=\"elementor-widget-wrap\">\n\t\t\t\t\t\t\t<\/div>\n\t\t<\/div>\n\t\t\t\t\t<\/div>\n\t\t<\/section>\n\t\t\t\t<section class=\"elementor-section elementor-top-section elementor-element elementor-element-58cda0b elementor-section-full_width elementor-section-height-default elementor-section-height-default\" data-id=\"58cda0b\" data-element_type=\"section\">\n\t\t\t\t\t\t<div class=\"elementor-container elementor-column-gap-default\">\n\t\t\t\t\t<div class=\"elementor-column elementor-col-100 elementor-top-column elementor-element elementor-element-4cb001e\" data-id=\"4cb001e\" data-element_type=\"column\">\n\t\t\t<div class=\"elementor-widget-wrap elementor-element-populated\">\n\t\t\t\t\t\t<div class=\"elementor-element elementor-element-eebc01f elementor-widget elementor-widget-spacer\" data-id=\"eebc01f\" data-element_type=\"widget\" data-widget_type=\"spacer.default\">\n\t\t\t\t<div class=\"elementor-widget-container\">\n\t\t\t\t\t\t\t<div class=\"elementor-spacer\">\n\t\t\t<div class=\"elementor-spacer-inner\"><\/div>\n\t\t<\/div>\n\t\t\t\t\t\t<\/div>\n\t\t\t\t<\/div>\n\t\t\t\t<div class=\"elementor-element elementor-element-22f88b0 elementor-widget elementor-widget-heading\" data-id=\"22f88b0\" data-element_type=\"widget\" data-widget_type=\"heading.default\">\n\t\t\t\t<div class=\"elementor-widget-container\">\n\t\t\t\t\t<h2 class=\"elementor-heading-title elementor-size-default\">\u00bfQuien Impartir\u00e1 este Curso?<\/h2>\t\t\t\t<\/div>\n\t\t\t\t<\/div>\n\t\t\t\t\t<\/div>\n\t\t<\/div>\n\t\t\t\t\t<\/div>\n\t\t<\/section>\n\t\t\t\t<section class=\"elementor-section elementor-top-section elementor-element elementor-element-6dc681b elementor-section-full_width elementor-section-height-default elementor-section-height-default\" data-id=\"6dc681b\" data-element_type=\"section\">\n\t\t\t\t\t\t<div class=\"elementor-container elementor-column-gap-default\">\n\t\t\t\t\t<div class=\"elementor-column elementor-col-50 elementor-top-column elementor-element elementor-element-452f377\" data-id=\"452f377\" data-element_type=\"column\">\n\t\t\t<div class=\"elementor-widget-wrap elementor-element-populated\">\n\t\t\t\t\t\t<div class=\"elementor-element elementor-element-a764f51 elementor-widget elementor-widget-image\" data-id=\"a764f51\" data-element_type=\"widget\" data-widget_type=\"image.default\">\n\t\t\t\t<div class=\"elementor-widget-container\">\n\t\t\t\t\t\t\t\t\t\t\t\t\t\t\t<img decoding=\"async\" src=\"https:\/\/caficon.com\/wp-content\/uploads\/elementor\/thumbs\/cropped-Logo-1-3-1-pjcza0h9tp9gao0cyyu06u24ajap3erznwzvx03lts.png\" title=\"cropped-Logo-1-3-1.png\" alt=\"cropped-Logo-1-3-1.png\" loading=\"lazy\" \/>\t\t\t\t\t\t\t\t\t\t\t\t\t\t\t<\/div>\n\t\t\t\t<\/div>\n\t\t\t\t<div class=\"elementor-element elementor-element-c6eb104 elementor-widget elementor-widget-html\" data-id=\"c6eb104\" data-element_type=\"widget\" data-widget_type=\"html.default\">\n\t\t\t\t<div class=\"elementor-widget-container\">\n\t\t\t\t\t<h4 style=\"text-align: center;\"><span style=\"color: #ff6600;\">L.I y L.C.  Jose Antonio Cenobio Ramirez<\/span><\/h4>\t\t\t\t<\/div>\n\t\t\t\t<\/div>\n\t\t\t\t\t<\/div>\n\t\t<\/div>\n\t\t\t\t<div class=\"elementor-column elementor-col-50 elementor-top-column elementor-element elementor-element-f823ab3 elementor-hidden-desktop elementor-hidden-tablet elementor-hidden-mobile\" data-id=\"f823ab3\" data-element_type=\"column\">\n\t\t\t<div class=\"elementor-widget-wrap elementor-element-populated\">\n\t\t\t\t\t\t<div class=\"elementor-element elementor-element-4ac884e elementor-widget elementor-widget-spacer\" data-id=\"4ac884e\" data-element_type=\"widget\" data-widget_type=\"spacer.default\">\n\t\t\t\t<div class=\"elementor-widget-container\">\n\t\t\t\t\t\t\t<div class=\"elementor-spacer\">\n\t\t\t<div class=\"elementor-spacer-inner\"><\/div>\n\t\t<\/div>\n\t\t\t\t\t\t<\/div>\n\t\t\t\t<\/div>\n\t\t\t\t<div class=\"elementor-element elementor-element-05f3d76 elementor-widget elementor-widget-heading\" data-id=\"05f3d76\" data-element_type=\"widget\" data-widget_type=\"heading.default\">\n\t\t\t\t<div class=\"elementor-widget-container\">\n\t\t\t\t\t<h2 class=\"elementor-heading-title elementor-size-default\">CV:<\/h2>\t\t\t\t<\/div>\n\t\t\t\t<\/div>\n\t\t\t\t<div class=\"elementor-element elementor-element-e74d095 elementor-widget elementor-widget-text-editor\" data-id=\"e74d095\" data-element_type=\"widget\" data-widget_type=\"text-editor.default\">\n\t\t\t\t<div class=\"elementor-widget-container\">\n\t\t\t\t\t\t\t\t\t<p>Contador P\u00fablico Egresada De La Universidad Aut\u00f3noma Del Estado De<br \/>Morelos; Licenciada En Negocios Internacionales Por El Instituto<br \/>Polit\u00e9cnico Nacional<br \/>\uf0d8 Desarrollo Profesional Consultor Y Asesor En Las \u00c1reas De Contabilidad,<br \/>Auditor\u00eda Y Control Interno Desde 2005 Y En Prevenci\u00f3n De Lavado De<br \/>Dinero Desde 2017 En:<br \/>\uf0b7 Rendon Leyva Y Asociados Socio Director De La Firma.<br \/>\uf0b7 Asesores Corporativos Cafig, S.C., Socio Director De La Firma.<br \/>\uf0b7 Grupo Speedee De M\u00e9xico., Asesora De La Empresa.<br \/>\uf0b7 Estrategias Avanzadas S.C., Asesora De La Empresa.<br \/>\uf0b7 Ainive Sofom S De Rl De CV., Asesora De La Empresa.<br \/>\uf0b7 Reutter Fg M\u00e9xico, S.A. De C.V. Asesora De La Empresa.<br \/>\uf0b7 Concepto M\u00f3vil Auditor Del Corporativo<br \/>\uf0b7 Consejeros Comerciales<br \/>\uf0b7 Colegio Laura Vicu\u00f1a<br \/>\uf0b7 Socio Del Colegio De Contadores P\u00fablicos De Cuautla.<br \/>\uf0b7 Miembro De La Comisi\u00f3n En Prevenci\u00f3n De Lavado De Dinero De La Zona<br \/>Centro Del Imcp.<br \/>\uf0b7 Miembro De La Comisi\u00f3n Fiscal De La Zona Centro Del Imcp.<br \/>\uf0b7 Miembro De La Comisi\u00f3n Gubernamental De La Zona Centro Del Imcp<br \/>\uf0d8 Conferencista En Varias Capacitadoras Del Pa\u00eds, As\u00ed Como Diferentes<br \/>Colegios De Contadores<\/p>\t\t\t\t\t\t\t\t<\/div>\n\t\t\t\t<\/div>\n\t\t\t\t<div class=\"elementor-element elementor-element-9c8bc4f elementor-widget elementor-widget-spacer\" data-id=\"9c8bc4f\" data-element_type=\"widget\" data-widget_type=\"spacer.default\">\n\t\t\t\t<div class=\"elementor-widget-container\">\n\t\t\t\t\t\t\t<div class=\"elementor-spacer\">\n\t\t\t<div class=\"elementor-spacer-inner\"><\/div>\n\t\t<\/div>\n\t\t\t\t\t\t<\/div>\n\t\t\t\t<\/div>\n\t\t\t\t\t<\/div>\n\t\t<\/div>\n\t\t\t\t\t<\/div>\n\t\t<\/section>\n\t\t\t\t<\/div>\n\t\t","protected":false},"excerpt":{"rendered":"<p>Que encontraras en el Temario Objetivo El asistente conocer\u00e1 y emplear\u00e1 las herramientas generales que la aplicaci\u00f3n MS Excel ofrece para ser utilizada en la pr\u00e1ctica contable y administrativa. Temario: Informaci\u00f3n mediante b\u00fasquedas y referencias: B\u00fasqueda de datos. Ejemplos de operaciones con b\u00fasquedas y referencias: Determinaci\u00f3n del ISR para asimilados. Reportes a partir de una [&hellip;]<\/p>\n","protected":false},"author":1,"featured_media":0,"parent":0,"menu_order":0,"comment_status":"closed","ping_status":"closed","template":"","meta":{"footnotes":""},"class_list":["post-25762","page","type-page","status-publish","hentry"],"_links":{"self":[{"href":"https:\/\/caficon.com\/index.php\/wp-json\/wp\/v2\/pages\/25762","targetHints":{"allow":["GET"]}}],"collection":[{"href":"https:\/\/caficon.com\/index.php\/wp-json\/wp\/v2\/pages"}],"about":[{"href":"https:\/\/caficon.com\/index.php\/wp-json\/wp\/v2\/types\/page"}],"author":[{"embeddable":true,"href":"https:\/\/caficon.com\/index.php\/wp-json\/wp\/v2\/users\/1"}],"replies":[{"embeddable":true,"href":"https:\/\/caficon.com\/index.php\/wp-json\/wp\/v2\/comments?post=25762"}],"version-history":[{"count":13,"href":"https:\/\/caficon.com\/index.php\/wp-json\/wp\/v2\/pages\/25762\/revisions"}],"predecessor-version":[{"id":26368,"href":"https:\/\/caficon.com\/index.php\/wp-json\/wp\/v2\/pages\/25762\/revisions\/26368"}],"wp:attachment":[{"href":"https:\/\/caficon.com\/index.php\/wp-json\/wp\/v2\/media?parent=25762"}],"curies":[{"name":"wp","href":"https:\/\/api.w.org\/{rel}","templated":true}]}}