{"id":17974,"date":"2022-02-05T04:05:23","date_gmt":"2022-02-05T04:05:23","guid":{"rendered":"https:\/\/caficon.com\/?page_id=17974"},"modified":"2022-02-05T06:16:07","modified_gmt":"2022-02-05T06:16:07","slug":"repse-resico-y-carta-porte","status":"publish","type":"page","link":"https:\/\/caficon.com\/index.php\/repse-resico-y-carta-porte\/","title":{"rendered":"REPSE, Resico y Carta Porte"},"content":{"rendered":"\t\t<div data-elementor-type=\"wp-page\" data-elementor-id=\"17974\" class=\"elementor elementor-17974\" data-elementor-post-type=\"page\">\n\t\t\t\t\t\t<section class=\"elementor-section elementor-top-section elementor-element elementor-element-ac6bd68 elementor-section-full_width elementor-hidden-desktop elementor-hidden-tablet elementor-hidden-mobile elementor-section-height-default elementor-section-height-default\" data-id=\"ac6bd68\" data-element_type=\"section\">\n\t\t\t\t\t\t<div class=\"elementor-container elementor-column-gap-default\">\n\t\t\t\t\t<div class=\"elementor-column elementor-col-100 elementor-top-column elementor-element elementor-element-f33ae78\" data-id=\"f33ae78\" data-element_type=\"column\">\n\t\t\t<div class=\"elementor-widget-wrap elementor-element-populated\">\n\t\t\t\t\t\t<div class=\"elementor-element elementor-element-57cc124 elementor-widget elementor-widget-heading\" data-id=\"57cc124\" data-element_type=\"widget\" data-widget_type=\"heading.default\">\n\t\t\t\t<div class=\"elementor-widget-container\">\n\t\t\t\t\t<h2 class=\"elementor-heading-title elementor-size-default\">\u00bfQuien Impartir\u00e1 este Curso?<\/h2>\t\t\t\t<\/div>\n\t\t\t\t<\/div>\n\t\t\t\t\t<\/div>\n\t\t<\/div>\n\t\t\t\t\t<\/div>\n\t\t<\/section>\n\t\t\t\t<section class=\"elementor-section elementor-top-section elementor-element elementor-element-3355e67 elementor-section-full_width elementor-hidden-desktop elementor-hidden-tablet elementor-hidden-mobile elementor-section-height-default elementor-section-height-default\" data-id=\"3355e67\" data-element_type=\"section\">\n\t\t\t\t\t\t<div class=\"elementor-container elementor-column-gap-default\">\n\t\t\t\t\t<div class=\"elementor-column elementor-col-50 elementor-top-column elementor-element elementor-element-0b84479\" data-id=\"0b84479\" data-element_type=\"column\">\n\t\t\t<div class=\"elementor-widget-wrap elementor-element-populated\">\n\t\t\t\t\t\t<div class=\"elementor-element elementor-element-da383b7 elementor-widget elementor-widget-html\" data-id=\"da383b7\" data-element_type=\"widget\" data-widget_type=\"html.default\">\n\t\t\t\t<div class=\"elementor-widget-container\">\n\t\t\t\t\t<strong>MAESTR\u00cdA EN DERECHO FISCAL: <\/strong>\r\n\r\n<strong>\u00a0<\/strong>\r\n<ul>\r\n \t<li><strong>An\u00e1lisis de las Contribuciones Federales, Estatales y Municipales,<\/strong> UTEGRA<strong>, <\/strong>CEO<\/li>\r\n \t<li><strong>Los Desaf\u00edos del Derecho Mexicano Frente a la Globalizaci\u00f3n, <\/strong>UTEGRA<strong>, <\/strong>Guadalajara,<\/li>\r\n<\/ul>\r\n<strong>\u00a0<\/strong>\r\n\r\n<strong>MAESTR\u00cdA EN FISCAL:<\/strong>\r\n\r\n<strong>\u00a0<\/strong>\r\n<ul>\r\n \t<li><strong>Seminario de Planeaci\u00f3n Fiscal, <\/strong>CEO Guadalajara, Hermosillo, Guaymas<\/li>\r\n \t<li><strong>Normas de Informaci\u00f3n Financiera <\/strong>Ceo Hermosillo, Guaymas<\/li>\r\n \t<li><strong>Derecho Fiscal y Financiero, <\/strong>Universidad Vizcaya de las Americas \u2013 Tepic y Manzanillo, Col.<\/li>\r\n \t<li><strong>Contribuciones Estatales y Municipales, <\/strong>CEO Guadalajara<\/li>\r\n \t<li><strong>Seminario de Investigaci\u00f3n, <\/strong>UNIVA Colima.<\/li>\r\n<\/ul>\r\n&nbsp;\r\n\r\n&nbsp;\r\n\r\n<strong>MAESTR\u00cdA EN DERECHO CORPORATIVO:<\/strong>\r\n\r\n<strong>\u00a0<\/strong>\r\n<ul>\r\n \t<li><strong>Derecho Fiscal, <\/strong>Ceo CD Guzman Jalisco<\/li>\r\n \t<li><strong>Derecho Financiero <\/strong>UNIVA Guadalajara.<\/li>\r\n<\/ul>\r\n<ul>\r\n \t<li><strong>Proyectos de investigaci\u00f3n, <\/strong>Universidad Enrique D\u00edaz de Le\u00f3n -Guadalajara<\/li>\r\n \t<li><strong>Seminario de Investigaci\u00f3n, <\/strong>UTEGRA<\/li>\r\n \t<li><strong>Metodolog\u00eda de la Investigaci\u00f3n, <\/strong>UNIVA Guadalajara<\/li>\r\n \t<li><strong>Legislaci\u00f3n Empresarial. <\/strong>Universidad Vizcaya de las Am\u00e9ricas Tepic<\/li>\r\n<\/ul>\r\n<strong>\u00a0<\/strong>\r\n\r\n<strong>\u00a0<\/strong>\r\n\r\n<strong>MAESTR\u00cdA EN ADMINISTRACI\u00d3N:<\/strong>\r\n\r\n&nbsp;\r\n<ul>\r\n \t<li><strong>Proyectos de Inversi\u00f3n,<\/strong> Universidad Enrique D\u00edaz de Le\u00f3n Guadalajara<\/li>\r\n \t<li><strong>Proyectos de Inversi\u00f3n<\/strong>. Universidad Cuauhtemoc Guadalajara<\/li>\r\n \t<li><strong>Planeaci\u00f3n estrat\u00e9gica, <\/strong>Universidad Vizcaya de las Americas Campus Tepic y Manzanillo<\/li>\r\n<\/ul>\r\n<strong>\u00a0<\/strong>\r\n\r\n<strong>MAESTR\u00cdA EN ADMINISTRACI\u00d3N FINANCIERA:<\/strong>\r\n\r\n<strong>\u00a0<\/strong>\r\n<ul>\r\n \t<li><strong>Matem\u00e1ticas Financieras, <\/strong>UTEGRA<\/li>\r\n \t<li><strong>Planeaci\u00f3n estrat\u00e9gica, <\/strong>UNIVA, Guadalajara.<\/li>\r\n \t<li><strong>Investigaci\u00f3n de Operaciones <\/strong>UTEGRA Guadalajara, Morelia<\/li>\r\n<\/ul>\r\n<strong>\u00a0<\/strong>\r\n\r\n<strong>\u00a0<\/strong>\r\n\r\n<strong>MAESTR\u00cdA EN VALUACI\u00d3N:<\/strong>\r\n\r\n<strong>\u00a0<\/strong>\r\n<ul>\r\n \t<li><strong>Joint Venture <\/strong>Centro de Valores Guadalajara.<\/li>\r\n \t<li><strong>Emisi\u00f3n de Deuda y Capital, <\/strong>Centro de Valores Guadalajara.<\/li>\r\n \t<li><strong>Metodolog\u00eda de la Investigaci\u00f3n, <\/strong>Centro de Valores Guadalajara.<\/li>\r\n<\/ul>\r\n<strong>\u00a0<\/strong>\r\n\r\n<strong>MAESTR\u00cdA EN IMPUESTOS:<\/strong>\r\n\r\n&nbsp;\r\n<ul>\r\n \t<li><strong>Planeaci\u00f3n Fiscal<\/strong>, Universidad Vizcaya de las Americas - Manzanillo<\/li>\r\n \t<li><strong>T\u00edtulos y Operaciones de Cr\u00e9dito<\/strong>, CEO, Guadalajara, Cd. Guzm\u00e1n, Obreg\u00f3n, Hermosillo, Morelia, Tepatitl\u00e1n, Toluca y Manzanillo.<\/li>\r\n \t<li><strong>Metodolog\u00eda de la Investigaci\u00f3n<\/strong>, CEO, Guadalajara, Cd. Guzm\u00e1n, Obreg\u00f3n, Hermosillo, Morelia, Tepatitl\u00e1n, Toluca y Manzanillo.<\/li>\r\n \t<li><strong>Seminario de Tesis<\/strong>, CEO, Guadalajara, Cd. Guzm\u00e1n, Obreg\u00f3n, Hermosillo, Morelia, Tepatitl\u00e1n, Toluca y Manzanillo.<\/li>\r\n \t<li><strong>Finanzas P\u00fablicas y Corporativas, <\/strong>CEO, Guadalajara, Cd. Guzm\u00e1n, Obreg\u00f3n, Hermosillo, Morelia, Tepatitl\u00e1n, Toluca y Manzanillo.<\/li>\r\n<\/ul>\t\t\t\t<\/div>\n\t\t\t\t<\/div>\n\t\t\t\t\t<\/div>\n\t\t<\/div>\n\t\t\t\t<div class=\"elementor-column elementor-col-50 elementor-top-column elementor-element elementor-element-7efb248\" data-id=\"7efb248\" data-element_type=\"column\">\n\t\t\t<div class=\"elementor-widget-wrap elementor-element-populated\">\n\t\t\t\t\t\t<div class=\"elementor-element elementor-element-b85106e elementor-widget elementor-widget-heading\" data-id=\"b85106e\" data-element_type=\"widget\" data-widget_type=\"heading.default\">\n\t\t\t\t<div class=\"elementor-widget-container\">\n\t\t\t\t\t<h2 class=\"elementor-heading-title elementor-size-default\">CV<\/h2>\t\t\t\t<\/div>\n\t\t\t\t<\/div>\n\t\t\t\t<div class=\"elementor-element elementor-element-3e7ac6e elementor-widget elementor-widget-html\" data-id=\"3e7ac6e\" data-element_type=\"widget\" data-widget_type=\"html.default\">\n\t\t\t\t<div class=\"elementor-widget-container\">\n\t\t\t\t\t<strong>MAESTR\u00cdA EN DERECHO FISCAL: <\/strong>\r\n\r\n<strong>\u00a0<\/strong>\r\n<ul>\r\n \t<li><strong>An\u00e1lisis de las Contribuciones Federales, Estatales y Municipales,<\/strong> UTEGRA<strong>, <\/strong>CEO<\/li>\r\n \t<li><strong>Los Desaf\u00edos del Derecho Mexicano Frente a la Globalizaci\u00f3n, <\/strong>UTEGRA<strong>, <\/strong>Guadalajara,<\/li>\r\n<\/ul>\r\n<strong>\u00a0<\/strong>\r\n\r\n<strong>MAESTR\u00cdA EN FISCAL:<\/strong>\r\n\r\n<strong>\u00a0<\/strong>\r\n<ul>\r\n \t<li><strong>Seminario de Planeaci\u00f3n Fiscal, <\/strong>CEO Guadalajara, Hermosillo, Guaymas<\/li>\r\n \t<li><strong>Normas de Informaci\u00f3n Financiera <\/strong>Ceo Hermosillo, Guaymas<\/li>\r\n \t<li><strong>Derecho Fiscal y Financiero, <\/strong>Universidad Vizcaya de las Americas \u2013 Tepic y Manzanillo, Col.<\/li>\r\n \t<li><strong>Contribuciones Estatales y Municipales, <\/strong>CEO Guadalajara<\/li>\r\n \t<li><strong>Seminario de Investigaci\u00f3n, <\/strong>UNIVA Colima.<\/li>\r\n<\/ul>\r\n&nbsp;\r\n\r\n&nbsp;\r\n\r\n<strong>MAESTR\u00cdA EN DERECHO CORPORATIVO:<\/strong>\r\n\r\n<strong>\u00a0<\/strong>\r\n<ul>\r\n \t<li><strong>Derecho Fiscal, <\/strong>Ceo CD Guzman Jalisco<\/li>\r\n \t<li><strong>Derecho Financiero <\/strong>UNIVA Guadalajara.<\/li>\r\n<\/ul>\r\n<ul>\r\n \t<li><strong>Proyectos de investigaci\u00f3n, <\/strong>Universidad Enrique D\u00edaz de Le\u00f3n -Guadalajara<\/li>\r\n \t<li><strong>Seminario de Investigaci\u00f3n, <\/strong>UTEGRA<\/li>\r\n \t<li><strong>Metodolog\u00eda de la Investigaci\u00f3n, <\/strong>UNIVA Guadalajara<\/li>\r\n \t<li><strong>Legislaci\u00f3n Empresarial. <\/strong>Universidad Vizcaya de las Am\u00e9ricas Tepic<\/li>\r\n<\/ul>\r\n<strong>\u00a0<\/strong>\r\n\r\n<strong>\u00a0<\/strong>\r\n\r\n<strong>MAESTR\u00cdA EN ADMINISTRACI\u00d3N:<\/strong>\r\n\r\n&nbsp;\r\n<ul>\r\n \t<li><strong>Proyectos de Inversi\u00f3n,<\/strong> Universidad Enrique D\u00edaz de Le\u00f3n Guadalajara<\/li>\r\n \t<li><strong>Proyectos de Inversi\u00f3n<\/strong>. Universidad Cuauhtemoc Guadalajara<\/li>\r\n \t<li><strong>Planeaci\u00f3n estrat\u00e9gica, <\/strong>Universidad Vizcaya de las Americas Campus Tepic y Manzanillo<\/li>\r\n<\/ul>\r\n<strong>\u00a0<\/strong>\r\n\r\n<strong>MAESTR\u00cdA EN ADMINISTRACI\u00d3N FINANCIERA:<\/strong>\r\n\r\n<strong>\u00a0<\/strong>\r\n<ul>\r\n \t<li><strong>Matem\u00e1ticas Financieras, <\/strong>UTEGRA<\/li>\r\n \t<li><strong>Planeaci\u00f3n estrat\u00e9gica, <\/strong>UNIVA, Guadalajara.<\/li>\r\n \t<li><strong>Investigaci\u00f3n de Operaciones <\/strong>UTEGRA Guadalajara, Morelia<\/li>\r\n<\/ul>\r\n<strong>\u00a0<\/strong>\r\n\r\n<strong>\u00a0<\/strong>\r\n\r\n<strong>MAESTR\u00cdA EN VALUACI\u00d3N:<\/strong>\r\n\r\n<strong>\u00a0<\/strong>\r\n<ul>\r\n \t<li><strong>Joint Venture <\/strong>Centro de Valores Guadalajara.<\/li>\r\n \t<li><strong>Emisi\u00f3n de Deuda y Capital, <\/strong>Centro de Valores Guadalajara.<\/li>\r\n \t<li><strong>Metodolog\u00eda de la Investigaci\u00f3n, <\/strong>Centro de Valores Guadalajara.<\/li>\r\n<\/ul>\r\n<strong>\u00a0<\/strong>\r\n\r\n<strong>MAESTR\u00cdA EN IMPUESTOS:<\/strong>\r\n\r\n&nbsp;\r\n<ul>\r\n \t<li><strong>Planeaci\u00f3n Fiscal<\/strong>, Universidad Vizcaya de las Americas - Manzanillo<\/li>\r\n \t<li><strong>T\u00edtulos y Operaciones de Cr\u00e9dito<\/strong>, CEO, Guadalajara, Cd. Guzm\u00e1n, Obreg\u00f3n, Hermosillo, Morelia, Tepatitl\u00e1n, Toluca y Manzanillo.<\/li>\r\n \t<li><strong>Metodolog\u00eda de la Investigaci\u00f3n<\/strong>, CEO, Guadalajara, Cd. Guzm\u00e1n, Obreg\u00f3n, Hermosillo, Morelia, Tepatitl\u00e1n, Toluca y Manzanillo.<\/li>\r\n \t<li><strong>Seminario de Tesis<\/strong>, CEO, Guadalajara, Cd. Guzm\u00e1n, Obreg\u00f3n, Hermosillo, Morelia, Tepatitl\u00e1n, Toluca y Manzanillo.<\/li>\r\n \t<li><strong>Finanzas P\u00fablicas y Corporativas, <\/strong>CEO, Guadalajara, Cd. Guzm\u00e1n, Obreg\u00f3n, Hermosillo, Morelia, Tepatitl\u00e1n, Toluca y Manzanillo.<\/li>\r\n<\/ul>\t\t\t\t<\/div>\n\t\t\t\t<\/div>\n\t\t\t\t\t<\/div>\n\t\t<\/div>\n\t\t\t\t\t<\/div>\n\t\t<\/section>\n\t\t\t\t<section class=\"elementor-section elementor-top-section elementor-element elementor-element-b8ca627 elementor-section-full_width elementor-section-height-default elementor-section-height-default\" data-id=\"b8ca627\" data-element_type=\"section\">\n\t\t\t\t\t\t<div class=\"elementor-container elementor-column-gap-default\">\n\t\t\t\t\t<div class=\"elementor-column elementor-col-100 elementor-top-column elementor-element elementor-element-b1581ab\" data-id=\"b1581ab\" data-element_type=\"column\">\n\t\t\t<div class=\"elementor-widget-wrap elementor-element-populated\">\n\t\t\t\t\t\t<div class=\"elementor-element elementor-element-41f2389 elementor-widget elementor-widget-heading\" data-id=\"41f2389\" data-element_type=\"widget\" data-widget_type=\"heading.default\">\n\t\t\t\t<div class=\"elementor-widget-container\">\n\t\t\t\t\t<h2 class=\"elementor-heading-title elementor-size-default\">\u00bfQuien Impartir\u00e1 este Curso?<\/h2>\t\t\t\t<\/div>\n\t\t\t\t<\/div>\n\t\t\t\t\t<\/div>\n\t\t<\/div>\n\t\t\t\t\t<\/div>\n\t\t<\/section>\n\t\t\t\t<section class=\"elementor-section elementor-top-section elementor-element elementor-element-0e4d6bf elementor-section-full_width elementor-section-height-default elementor-section-height-default\" data-id=\"0e4d6bf\" data-element_type=\"section\">\n\t\t\t\t\t\t<div class=\"elementor-container elementor-column-gap-default\">\n\t\t\t\t\t<div class=\"elementor-column elementor-col-50 elementor-top-column elementor-element elementor-element-30aca75\" data-id=\"30aca75\" data-element_type=\"column\">\n\t\t\t<div class=\"elementor-widget-wrap elementor-element-populated\">\n\t\t\t\t\t\t<div class=\"elementor-element elementor-element-e3581bb elementor-widget elementor-widget-image\" data-id=\"e3581bb\" data-element_type=\"widget\" data-widget_type=\"image.default\">\n\t\t\t\t<div class=\"elementor-widget-container\">\n\t\t\t\t\t\t\t\t\t\t\t\t\t\t\t<img decoding=\"async\" src=\"https:\/\/caficon.com\/wp-content\/uploads\/elementor\/thumbs\/da255185-8ca0-4496-8322-50429dfe0c88-2-pifqpp9mdmop3tmagtwhgd0oqkrmd05362oc3ev980.jpg\" title=\"caficon\" alt=\"caficon\" loading=\"lazy\" \/>\t\t\t\t\t\t\t\t\t\t\t\t\t\t\t<\/div>\n\t\t\t\t<\/div>\n\t\t\t\t<div class=\"elementor-element elementor-element-e489a06 elementor-widget elementor-widget-html\" data-id=\"e489a06\" data-element_type=\"widget\" data-widget_type=\"html.default\">\n\t\t\t\t<div class=\"elementor-widget-container\">\n\t\t\t\t\t<h4 style=\"text-align: center;\"><span style=\"color: #ff6600;\">L.C.P. y M.F. Miguel Alarcon Diaz<\/span><\/h4>\t\t\t\t<\/div>\n\t\t\t\t<\/div>\n\t\t\t\t\t<\/div>\n\t\t<\/div>\n\t\t\t\t<div class=\"elementor-column elementor-col-50 elementor-top-column elementor-element elementor-element-1aa8f03\" data-id=\"1aa8f03\" data-element_type=\"column\">\n\t\t\t<div class=\"elementor-widget-wrap elementor-element-populated\">\n\t\t\t\t\t\t<div class=\"elementor-element elementor-element-f4430b2 elementor-widget elementor-widget-spacer\" data-id=\"f4430b2\" data-element_type=\"widget\" data-widget_type=\"spacer.default\">\n\t\t\t\t<div class=\"elementor-widget-container\">\n\t\t\t\t\t\t\t<div class=\"elementor-spacer\">\n\t\t\t<div class=\"elementor-spacer-inner\"><\/div>\n\t\t<\/div>\n\t\t\t\t\t\t<\/div>\n\t\t\t\t<\/div>\n\t\t\t\t<div class=\"elementor-element elementor-element-a7b79cb elementor-widget elementor-widget-heading\" data-id=\"a7b79cb\" data-element_type=\"widget\" data-widget_type=\"heading.default\">\n\t\t\t\t<div class=\"elementor-widget-container\">\n\t\t\t\t\t<h2 class=\"elementor-heading-title elementor-size-default\">CV:<\/h2>\t\t\t\t<\/div>\n\t\t\t\t<\/div>\n\t\t\t\t<div class=\"elementor-element elementor-element-7356319 elementor-widget elementor-widget-html\" data-id=\"7356319\" data-element_type=\"widget\" data-widget_type=\"html.default\">\n\t\t\t\t<div class=\"elementor-widget-container\">\n\t\t\t\t\t<strong>MAESTR\u00cdA EN DERECHO FISCAL: <\/strong>\r\n\r\n<strong>\u00a0<\/strong>\r\n<ul>\r\n \t<li><strong>An\u00e1lisis de las Contribuciones Federales, Estatales y Municipales,<\/strong> UTEGRA<strong>, <\/strong>CEO<\/li>\r\n \t<li><strong>Los Desaf\u00edos del Derecho Mexicano Frente a la Globalizaci\u00f3n, <\/strong>UTEGRA<strong>, <\/strong>Guadalajara,<\/li>\r\n<\/ul>\r\n<strong>\u00a0<\/strong>\r\n\r\n<strong>MAESTR\u00cdA EN FISCAL:<\/strong>\r\n\r\n<strong>\u00a0<\/strong>\r\n<ul>\r\n \t<li><strong>Seminario de Planeaci\u00f3n Fiscal, <\/strong>CEO Guadalajara, Hermosillo, Guaymas<\/li>\r\n \t<li><strong>Normas de Informaci\u00f3n Financiera <\/strong>Ceo Hermosillo, Guaymas<\/li>\r\n \t<li><strong>Derecho Fiscal y Financiero, <\/strong>Universidad Vizcaya de las Americas \u2013 Tepic y Manzanillo, Col.<\/li>\r\n \t<li><strong>Contribuciones Estatales y Municipales, <\/strong>CEO Guadalajara<\/li>\r\n \t<li><strong>Seminario de Investigaci\u00f3n, <\/strong>UNIVA Colima.<\/li>\r\n<\/ul>\r\n&nbsp;\r\n\r\n&nbsp;\r\n\r\n<strong>MAESTR\u00cdA EN DERECHO CORPORATIVO:<\/strong>\r\n\r\n<strong>\u00a0<\/strong>\r\n<ul>\r\n \t<li><strong>Derecho Fiscal, <\/strong>Ceo CD Guzman Jalisco<\/li>\r\n \t<li><strong>Derecho Financiero <\/strong>UNIVA Guadalajara.<\/li>\r\n<\/ul>\r\n<ul>\r\n \t<li><strong>Proyectos de investigaci\u00f3n, <\/strong>Universidad Enrique D\u00edaz de Le\u00f3n -Guadalajara<\/li>\r\n \t<li><strong>Seminario de Investigaci\u00f3n, <\/strong>UTEGRA<\/li>\r\n \t<li><strong>Metodolog\u00eda de la Investigaci\u00f3n, <\/strong>UNIVA Guadalajara<\/li>\r\n \t<li><strong>Legislaci\u00f3n Empresarial. <\/strong>Universidad Vizcaya de las Am\u00e9ricas Tepic<\/li>\r\n<\/ul>\r\n<strong>\u00a0<\/strong>\r\n\r\n<strong>\u00a0<\/strong>\r\n\r\n<strong>MAESTR\u00cdA EN ADMINISTRACI\u00d3N:<\/strong>\r\n\r\n&nbsp;\r\n<ul>\r\n \t<li><strong>Proyectos de Inversi\u00f3n,<\/strong> Universidad Enrique D\u00edaz de Le\u00f3n Guadalajara<\/li>\r\n \t<li><strong>Proyectos de Inversi\u00f3n<\/strong>. Universidad Cuauhtemoc Guadalajara<\/li>\r\n \t<li><strong>Planeaci\u00f3n estrat\u00e9gica, <\/strong>Universidad Vizcaya de las Americas Campus Tepic y Manzanillo<\/li>\r\n<\/ul>\r\n<strong>\u00a0<\/strong>\r\n\r\n<strong>MAESTR\u00cdA EN ADMINISTRACI\u00d3N FINANCIERA:<\/strong>\r\n\r\n<strong>\u00a0<\/strong>\r\n<ul>\r\n \t<li><strong>Matem\u00e1ticas Financieras, <\/strong>UTEGRA<\/li>\r\n \t<li><strong>Planeaci\u00f3n estrat\u00e9gica, <\/strong>UNIVA, Guadalajara.<\/li>\r\n \t<li><strong>Investigaci\u00f3n de Operaciones <\/strong>UTEGRA Guadalajara, Morelia<\/li>\r\n<\/ul>\r\n<strong>\u00a0<\/strong>\r\n\r\n<strong>\u00a0<\/strong>\r\n\r\n<strong>MAESTR\u00cdA EN VALUACI\u00d3N:<\/strong>\r\n\r\n<strong>\u00a0<\/strong>\r\n<ul>\r\n \t<li><strong>Joint Venture <\/strong>Centro de Valores Guadalajara.<\/li>\r\n \t<li><strong>Emisi\u00f3n de Deuda y Capital, <\/strong>Centro de Valores Guadalajara.<\/li>\r\n \t<li><strong>Metodolog\u00eda de la Investigaci\u00f3n, <\/strong>Centro de Valores Guadalajara.<\/li>\r\n<\/ul>\r\n<strong>\u00a0<\/strong>\r\n\r\n<strong>MAESTR\u00cdA EN IMPUESTOS:<\/strong>\r\n\r\n&nbsp;\r\n<ul>\r\n \t<li><strong>Planeaci\u00f3n Fiscal<\/strong>, Universidad Vizcaya de las Americas - Manzanillo<\/li>\r\n \t<li><strong>T\u00edtulos y Operaciones de Cr\u00e9dito<\/strong>, CEO, Guadalajara, Cd. Guzm\u00e1n, Obreg\u00f3n, Hermosillo, Morelia, Tepatitl\u00e1n, Toluca y Manzanillo.<\/li>\r\n \t<li><strong>Metodolog\u00eda de la Investigaci\u00f3n<\/strong>, CEO, Guadalajara, Cd. Guzm\u00e1n, Obreg\u00f3n, Hermosillo, Morelia, Tepatitl\u00e1n, Toluca y Manzanillo.<\/li>\r\n \t<li><strong>Seminario de Tesis<\/strong>, CEO, Guadalajara, Cd. Guzm\u00e1n, Obreg\u00f3n, Hermosillo, Morelia, Tepatitl\u00e1n, Toluca y Manzanillo.<\/li>\r\n \t<li><strong>Finanzas P\u00fablicas y Corporativas, <\/strong>CEO, Guadalajara, Cd. Guzm\u00e1n, Obreg\u00f3n, Hermosillo, Morelia, Tepatitl\u00e1n, Toluca y Manzanillo.<\/li>\r\n<\/ul>\t\t\t\t<\/div>\n\t\t\t\t<\/div>\n\t\t\t\t<div class=\"elementor-element elementor-element-74d268a elementor-widget elementor-widget-spacer\" data-id=\"74d268a\" data-element_type=\"widget\" data-widget_type=\"spacer.default\">\n\t\t\t\t<div class=\"elementor-widget-container\">\n\t\t\t\t\t\t\t<div class=\"elementor-spacer\">\n\t\t\t<div class=\"elementor-spacer-inner\"><\/div>\n\t\t<\/div>\n\t\t\t\t\t\t<\/div>\n\t\t\t\t<\/div>\n\t\t\t\t\t<\/div>\n\t\t<\/div>\n\t\t\t\t\t<\/div>\n\t\t<\/section>\n\t\t\t\t<\/div>\n\t\t","protected":false},"excerpt":{"rendered":"<p>\u00bfQuien Impartir\u00e1 este Curso? MAESTR\u00cdA EN DERECHO FISCAL: \u00a0 An\u00e1lisis de las Contribuciones Federales, Estatales y Municipales, UTEGRA, CEO Los Desaf\u00edos del Derecho Mexicano Frente a la Globalizaci\u00f3n, UTEGRA, Guadalajara, \u00a0 MAESTR\u00cdA EN FISCAL: \u00a0 Seminario de Planeaci\u00f3n Fiscal, CEO Guadalajara, Hermosillo, Guaymas Normas de Informaci\u00f3n Financiera Ceo Hermosillo, Guaymas Derecho Fiscal y Financiero, Universidad [&hellip;]<\/p>\n","protected":false},"author":1,"featured_media":0,"parent":0,"menu_order":0,"comment_status":"closed","ping_status":"closed","template":"","meta":{"footnotes":""},"class_list":["post-17974","page","type-page","status-publish","hentry"],"_links":{"self":[{"href":"https:\/\/caficon.com\/index.php\/wp-json\/wp\/v2\/pages\/17974","targetHints":{"allow":["GET"]}}],"collection":[{"href":"https:\/\/caficon.com\/index.php\/wp-json\/wp\/v2\/pages"}],"about":[{"href":"https:\/\/caficon.com\/index.php\/wp-json\/wp\/v2\/types\/page"}],"author":[{"embeddable":true,"href":"https:\/\/caficon.com\/index.php\/wp-json\/wp\/v2\/users\/1"}],"replies":[{"embeddable":true,"href":"https:\/\/caficon.com\/index.php\/wp-json\/wp\/v2\/comments?post=17974"}],"version-history":[{"count":19,"href":"https:\/\/caficon.com\/index.php\/wp-json\/wp\/v2\/pages\/17974\/revisions"}],"predecessor-version":[{"id":17995,"href":"https:\/\/caficon.com\/index.php\/wp-json\/wp\/v2\/pages\/17974\/revisions\/17995"}],"wp:attachment":[{"href":"https:\/\/caficon.com\/index.php\/wp-json\/wp\/v2\/media?parent=17974"}],"curies":[{"name":"wp","href":"https:\/\/api.w.org\/{rel}","templated":true}]}}